(1 - -19) + (-86 - -83) - (0 - -7)?
10
What is (-1 - 2 - (31 + 27 + -68)) + 18?
25
What is the value of 1 - 3 - ((17 - (0 - -12)) + 7)?
-14
-9 - -1 - (1 + -1 + 1) - 4
-13
What is -7 + 5 + (-16 - (-9 + 1))?
-10
(-7 - -14) + (6 - (-2 + 12))
3
What is -8 - (6 - (-9 + 26))?
3
Calculate (33 - 37) + (-1 - (8 + -2 - -1)).
-12
What is -555 + 549 + (-1 - -31)?
24
What is (5 - -10) + (-8 - -1) + 2?
10
-17 + 23 + -20 - (-34 + -2)
22
Calculate (14 - 0) + (-25 + 5 - -13) + -7.
0
Evaluate -1 + 11 + (-11 - (-11 + 10) - -6).
6
Evaluate -45 + 36 + 0 + 1 + (2 - -11).
5
What is -24 + (47 - 25) + (12 - 2) + -2?
6
What is the value of -10 + 26 + -19 + -1 + -14 + 3?
-15
Evaluate 0 - -2 - (4 - (5 + 13 + -7)).
9
-152 - -144 - (-1 + -15)
8
What is 2 + (-2 + 3 - 4 - (-1 - 10))?
10
(-218 - -203) + -3 + 12
-6
What is the value of 5 + (-23 - (12 - 17))?
-13
Evaluate (-43 - (11 - 35)) + -8.
-27
Evaluate (-79 - -72) + (-1 - (-7 - (2 + -3))).
-2
What is the value of -4 + (-9 - 5 - -23)?
5
Calculate 0 + 11 + (-8 - 15).
-12
What is (10 - 36) + 33 + -2?
5
Calculate 29 + -23 + (13 - 10).
9
What is the value of -10 + 1 + 46 + (51 - 58)?
30
-13 + -16 + 11 + 7 - -3
-8
(35 - 123) + 69 + 9 + 1
-9
Evaluate (-1 - -1) + (41 - -4 - 71).
-26
What is 1 + (1 - 5) + (-79 + 158 - 57)?
19
Calculate -9 + 15 + (-15 - 4).
-13
What is the value of (1 - 43) + 2 + -4 + 7?
-37
What is 10 + 19 + -48 + 17 - (2 - 5)?
1
(1 - -3 - (-1 + -1)) + (25 - 28)
3
-11 + 28 + -4 + -6 + -12
-5
0 + (-11 - -7) - (0 + -19)
15
Evaluate -23 + (-27 - (6 - 24)).
-32
Evaluate (-8 - -2) + (-2 - 1) + 0.
-9
What is -5 + -1 + (39 - 45) - -4 - 8?
-16
What is the value of -26 + (21 - (1 - 9))?
3
What is the value of (-10 + 6 - -7 - -4) + -9?
-2
What is the value of -3 + 3 + 4 + -10 + 9 + -3?
0
-3 + 65 + -28 - 18
16
Evaluate (-1 - 23) + (2069 - 2059).
-14
What is the value of 40 + -54 + (2 - 0) - -6?
-6
What is the value of 2 - (-12 + 2 + 8 + -4)?
8
What is the value of 2 + -34 + 29 + -2 + 9?
4
-1 - ((4 - (8 - 6 - 6)) + -9)
0
Calculate 43 + -31 + 8 - (1 - -40).
-21
What is (-21 - -17) + (-2 - (-7 + -4))?
5
Calculate 14 + -9 + 13 + (-8 - -3).
13
What is -5 + -1 - (87 - 32 - 44)?
-17
Calculate (7 - 9) + (-14 - (-11 - -17)).
-22
What is the value of -3 - (3 + -14) - 4 - -21?
25
Evaluate -19 + 5 + -4 + 7 + (-3 - 0).
-14
23 - (34 + 3) - -9
-5
Evaluate -9 + (5 - -6) - (1 + -2).
3
-32 - (-8 - (27 + -36 + 2 + 6))
-25
What is (44 - 56) + 8 + -2 + 6?
0
What is the value of 5 - (1 + 1 - (14 - (-19 + 35)))?
1
(-20 - (-9 + -11)) + 21
21
What is 1 + (-4 - -2) + 198 + -205?
-8
What is the value of 4 + 2 + -5 + (1 - (13 - 28))?
17
What is 11 - (4 - ((-13 - -12) + -10))?
-4
Evaluate (-19 + 23 - (9 - -1)) + 13.
7
Calculate -12 - (2 - (7 - -6 - 9)).
-10
What is the value of (7 - -32 - 40 - (-18 - -1)) + -12?
4
-20 + -6 + 45 + -18
1
What is the value of 35 - 28 - (-5 + 12)?
0
What is -4121 + 4161 - (5 - (1 + 0))?
36
Evaluate (-2 + 8 - -3) + (-30 - -33).
12
32 + (0 - -2) + -4 - (-100 + 109)
21
4 + (-8 - (-8 + 5)) + 1 + 0
0
What is the value of -8 + 30 + -32 + 12?
2
Calculate -2 + 24 + ((25 - 6) + -8 - 12).
21
(6 - (0 - -1)) + (56 + -30 - 24)
7
Evaluate 2 - 7 - (59 - 67).
3
What is the value of 7 - (13 + (-83 - -82) + 1 + -6)?
0
What is (-7 - -1) + (134 - 111 - (-9 + 3))?
23
1 + 26 - (-504 + 527)
4
Evaluate 3 + 0 - (-59 + 86 + -28).
4
Calculate -13 + 26 - (34 - 19).
-2
-3 - ((14 - (0 + -2)) + 4)
-23
Evaluate -1 - (1 + 2 - -2) - (13 + -6).
-13
What is the value of -2 + -5 + (16 - (21 - 18)) - -10?
16
What is 0 - (-31 + 34 + (0 - 5))?
2
What is (12 - -1) + (-76 + 70 - 15)?
-8
Evaluate -3 + 4 - (-5 + 3) - 1.
2
1 - -5 - ((2 - 8) + 21)
-9
Evaluate (5 - (-1 + 16 - 2)) + -1 + -4.
-13
-2 - (-18 + 7 + 2 - 1)
8
Calculate (-11 - (-9 + -5 + 21 - 8)) + 20.
10
What is the value of -22 + (9 - (-2 + -7)) + -8?
-12
What is (5 + -2 - 5) + (-7 - -31 - -5)?
27
Calculate -1 - 14 - (-456 + 428).
13
Evaluate -12 - (20 + -1 + -17).
-14
What is the value of 19 - (-1 + -18 + 14)?
24
Calculate 2 + 27 + (-35 - -8).
2
(-3 - (3 - 0)) + 3 + 5 + -16
-14
What is the value of (1 - 12) + (-24 - -33) + 12?
10
What is the value of (-9 - -1) + -1 + -1 + 2 + 1?
-7
Calculate 53 - 62 - (-2 + -15).
8
Calculate -24 + 6 - 3 - (-8 - -4).
-17
Calculate -3 - (10 + -25) - (1 - 2).
13
What is the value of 10 + (4 - (-7 - (-18 - -8)) - -15)?
26
Calculate (1 - -8) + (7 + -14 - -14).
16
What is the value of -8 - (4 - 1 - 19)?
8
Evaluate 30 + (0 - -1 - (6 + 22 + -19)).
22
(37 - 42 - (2 - 6)) + 0 + 18
17
What is (178 - 172) + (-3 - 0) + 49 + -21?
31
-12 - (-1 + (-9 - 0) - -10)
-12
Evaluate -8 + (5 + 0 - (-118 - -108) - 1).
6
5 - 0 - (-15 - (8 - 5 - 7))
16
Calculate (7 + -3 + -10 - (-7 + -5)) + -12.
-6
Calculate 18 + 2 + (8 + 8 - 30 - -11).
17
7 + -11 + 1 + (6 - 9 - 0)
-6
What is -3 - (24 - (33 - 14))?
-8
Evaluate 41 + -47 - (-5 - 2) - -12.
13
(21 + -52 - -13) + 32
14
What is the value of 15 - (39 - 36 - -13)?
-1
Calculate 6 - (17 + (-15 - -2)).
2
What is -11 - (2 - (-2 + -4) - (-30 + 58))?
9
Calculate (1 - 2 - -4) + (1 - -12 - 0).
16
What is the value of -7 + 2 + (-1 - -1) + 36 + -27?
4
Evaluate -24 + (19 - (-9 - 1)).
5
-10 + 1 + 5 + (2 - (2 + 6))
-10
Calculate -1 - 0 - (-5 + (-3 - -17)).
-10
Evaluate 15 + (53 - (26 - -30) - (5 - -1)).
6
Evaluate -7 + (-35 + 17 - -37).
12
What is the value of (-5 - -3 - (1 - -3)) + -352 + 354?
-4
What is the value of (1 - -4) + (-48 - -56 - (18 + 0))?
-5
What is 23 + 28 + -47 + (-16 - -1)?
-11
What is (3 - 1) + -1 - 7 - (35 - 34)?
-7
2478 + -2447 + 1 + -5
27
What is the value of -3 + (-7 + 14 - (-3 - 0)) - 18?
-11
-10 - (-10 + 5 + 12 - 1)
-16
(3 - (-13 + 4)) + (-4 - 2)
6
What is the value of 9 + -1 + 9 + (-11 - 7) - 23?
-24
Evaluate 26 + (10 - -2) - (-4 - -12).
30
-3 + -1 + (2 + -4 - 1) - -19
12
Evaluate -22 - 19 - (11 - 17) - 3.
-38
Evaluate -1 + 5 + (-33 - -8 - -14).
-7
What is the value of -14 + (137 - 123 - (-5 - -2))?
3
Calculate -33 + 8 + (-103 - -100) + -4 + 1.
-31
Evaluate 12 - (7 + 10 + -8 + -1).
4
47 + -60 + 5 + 3
-5
What is 0 - -6 - 7 - (0 - 5 - -2)?
2
What is the value of -24 + (-8 - (-19 + -4 + 11)) + 11?
-9
0 + 16 + -31 + 7
-8
Calculate -16 + -1 - (57 + -68) - 6.
-12
Evaluate (-40 - -28) + (13 - (4 - 3)).
0
What is the value of 66 - (8 - -17) - 9?
32
What is (-20 - (-21 - -45)) + 13?
-31
-46 - (32 + -83 + 36)
-31
(1 - -4) + 8 + 3 + -10
6
(-1 - 5 - 2) + 13 + (17 - 43)
-21
What is 3 + 0 + (3 - (-3 - -4)) + -14?
-9
What is the value of -9 + 0 + (-41 - (-107 - -48))?
9
What is -1 - -13 - (4 + 3 + 15)?
-10
-21 + 23 + (-19 + 5 - 4) + -4
-20
What is (46 + -44 - (-1 + 0)) + -4 + -3?
-4
36 - ((29 - 14) + 5)
16
12 + -12 - (-3 - -18)
-15
Calculate -6 + 12 + (91 - 89).
8
Calculate -102 + 65 + (-1 - -16).
-22
What is -26 - (5 - 2 - (3 - 5 - -6))?
-25
What is the value of (-122 - -123) + (-9 + 7 - (0 + 14))?
-15
Calculate -5 - (20 - -9) - (2 - (-1 - -9)).
-28
Calculate -13 - -15 - -7 - 28 - -1.
-18
Calculate -2 + 4 + (-8 - 9) + 10.
-5
(-57 - -72) + (-9 - 2) - 17
-13
What is (1309 - 1314) + (-3 + 1 - (1 + 0))?
-8
Evaluate 1 - (10 - (-6 - -12) - 12).
9
Calculate 20 + 47 + -41 + -52.
-26
Evaluate -13 + (-22 - -12) + 7 + 12.
-4
What is 19 - 12 - (-2 + 18)?
-9
Calculate -17 + 63 + -2 + -9 + 2.
37
Calculate 8 + -14 + -2 + (-17 - -12) - -4.
-9
What is the value of (-1 - 9 - 18) + 15?
-13
Calculate 17 + -15 - 24 - -16.
-6
What is -46 + (-11 - (-25 - 4))?
-28
What is the value of -5 - (1 - (-5 + 18) - -4)?
3
11 + 2 - (-9 + (-15 - -25))
12
What is the value of 16 - (0 + 0) - (1146 - 1137)?
7
Evaluate -8 - (-1 + 8 + 3 - 6).
-12
Calculate 10 - (-5 - -13) - (10 + 1).
-9
Calculate -5 - ((6 - 15) + 19 + -48).
33
-3 + (27 + -34 - 21)
-31
What is the value of (30 - 1) + (-13 - (-1 - (6 - 1)))?
22
What is the value of (4 - 9) + (2 - ((-4 - -2) + 12))?
-13
What is (-1 - (7 + -3)) + (-4 - -1 - -10)?
2
Evaluate 12 - (8 + -3) - -19.
26
(-8 + 6 - 10) + 18
6
-7 + (-2 + -2 - -7) + 0 - 3
-7
What is -9 + (3 - -8) - (-1 + -2 + 9)?
-4
Calculate (3 - 3) + -34 + 13 + (2 - -7).
-12
What is 4 + (19 - (-7 - -39))?
-9
What is 21 - (17 - -32) - -15?
-13
What is the value of 10 + -3 + 21 + -9 + -3?
16
What is (49 - 72) + (12 - -3)?
-8
Evaluate -19 - ((-72 - -77) + (-11 - 1)).
-12
What is the value of (5 - (-5 + (7 - 4))) + -17?
-10
What is the value of -12 + (-16 - (13 - 51))?
10
233 + -249 + (0 - -12)
